-6). Suppose 4*t - 4*f = 16, -54*t + f - 26 = -58*t. Suppose -37 + q = t*d. Let l(m) = 2*m**2 + 7*m + 5. Determine l(d).
20
Let c(k) = k**3 - 5*k**2 + 6*k + 1. Let d = 4371 - 4366. What is c(d)?
31
Suppose b + 0*b = 5. Let d(c) = c. Let z(q) = -4*q + 1. Let o(v) = b*d(v) - z(v). Let s = 5799 + -5798. Determine o(s).
8
Let p(a) = 116*a - 970. Let t(y) = -235*y + 1912. Let u(d) = -11*p(d) - 6*t(d). Calculate u(6).
2
Suppose -3*f - 8 = -k, -6 + 8 = -f. Let z(v) = -4*v**2 + k*v + 3 + 2*v**2 + 6*v**2 - 5*v**2. Give z(4).
-5
Let n(d) = -5*d - 6 + 4*d**2 + 4*d - d**3 + 2*d + 3*d. Suppose 17*q - 135 = 8*q. Let r be (23 - q)*1/2. Calculate n(r).
10
Let u(c) = -6*c - 55. Let f(t) = t**2 - 2*t - 1. Let a be f(3). Let p(n) = 14 + 814*n - 3 + 823*n - 1636*n. Let q(b) = a*u(b) + 11*p(b). Determine q(0).
11
Let m(o) = -o**2 + 9*o - 18. Let b be 12*6/108 + (-30)/(-9). Determine m(b).
2
Let c(p) = -6*p**2 + p. Suppose -3*s + 219 = -3*a - 3, -5*s = 3*a - 362. Let g(v) = -2*v**2 + 8*v - 8. Let i be g(8). Let l = s + i. Give c(l).
-5
Let n(i) = -i**2 + i - 2. Suppose 5*v = 2*t - 9, t + 11 = 2*v + 16. Suppose 0 = t*x + 19 - 47. Give n(x).
-14
Suppose 2*b - 2*t = 0, -b + 3*b - t - 4 = 0. Let n(w) be the third derivative of w**5/60 - w**4/8 - w**3/2 + 4862*w**2. Give n(b).
1
Let f(z) be the first derivative of z**3/3 + z**2 + 3*z - 1037. Determine f(-4).
11
Let h(m) = -11951 - 11915 + 23905 + 12*m + 66*m - 4*m**2. Determine h(20).
-1
Let w(c) = -7 - 955*c**2 + 476*c**2 - 33 + 2*c + c**3 + 480*c**2. Give w(0).
-40
Let m(k) = 2*k**3 + k**2 + 3*k - 5. Let v = 16543 + -16541. Give m(v).
21
Suppose 4*g - 36 = 5*w, 4*w - 2*g + 9 = -15. Let m(f) = 6*f - 13 - 15 + 32 - 5. Calculate m(w).
-25
Let s be (-29)/((3/(-3))/(-1)*-1). Let p(o) = 28*o**2 - 11 - 58*o**2 + s*o**2 + 12*o. Determine p(8).
21
Suppose -38 + 42 = 4*u + 4*l, u + 5 = -4*l. Let n(b) = -10*b + 26. Determine n(u).
-4
Let z(l) = -l**2 - 211*l - 202*l + 395*l - 75. Give z(-7).
2
Let w(r) be the first derivative of -3*r**2 - 1/3*r**3 - 88 - r. Determine w(-5).
4
Let l(w) = -94*w**2 - 2*w + 1. Let d(u) = u**3 + 4*u**2 - 82*u + 133. Let s be d(6). Give l(s).
-95
Let o(h) = -2 + h**3 + h**3 - 2*h**2 - 3*h**3 + 4*h + 2*h**3. Suppose 63*n - 122 - 5 = -1. Give o(n).
6
Let n be -3*((-91)/21 + (2 - 0)). Suppose 42 = -n*u + 14. Let y(g) = -3*g + 2*g + 6 + 4*g. Calculate y(u).
-6
Let u(n) = -20*n + 100. Let q be (-1030)/(-210) - (-1)/(189/18). What is u(q)?
0
Let u(l) = -l**3 + 179*l**2 + 181*l - 174. Let a be u(180). Let y(s) = 38*s - 244. Determine y(a).
-16
Let f be 12/(-28) + ((-78)/14 - 3). Let o be f - 3*(6/2)/(-9). Let u be (4/o)/(4/(-56)). Let y(z) = z**3 - 8*z**2 + 5*z + 3. Determine y(u).
-11
Let x(h) = 2*h - 1. Let m = 81 + -54. Suppose 0*j + 3*j + 2*l = 24, -4*j = l - m. Suppose -j = -2*p, -22 + 6 = -4*d - 4*p. Give x(d).
1
Let c(f) be the first derivative of f**2/2 + 88*f - 9482. What is c(-26)?
62
Suppose 2*f - 6 = -0. Let k(o) be the second derivative of -1/2*o**2 - 68*o - 1/2*o**3 + 0. Give k(f).
-10
Let f(l) = -l**3 + 8*l**2 + 11*l - 21. Let v be 3 + 78/(130/10). Determine f(v).
-3
Let i(t) = -14*t**3 + t**2 + 15*t + 2. Let r(d) = 9*d**3 - d**2 - 10*d - 1. Let n(h) = -5*i(h) - 8*r(h). What is n(3)?
-14
Let h(p) = -9*p**3 - p**2 - p + 1. Let s(r) = -143*r**3 - 14*r**2 - 17*r + 14. Let v(w) = -16*h(w) + s(w). Let j = 3 - -1. Suppose -j*z - 4 = 4. What is v(z)?
0
Let r(c) = 9*c**2 - 3*c + 99. Let n(o) = -4*o**2 + 2*o - 43. Let d(w) = -7*n(w) - 3*r(w). Give d(9).
40
Let h(n) be the first derivative of -n**2 + 16 + 1/3*n**3 + 3*n. Suppose 2*k + 7*d = 12*d + 31, 22 = -k - 5*d. Give h(k).
6
Let q(i) be the first derivative of 25*i**2/2 + 143*i + 935. Calculate q(-6).
-7
Let v(g) = g - 20. Let z be v(22). Let y(s) = -5*s**2 + 0*s**2 - 1 + 3*s**2 + s**z. Determine y(2).
-5
Suppose 0 = -39*r - 133*r. Let u(o) = o**3 - 2*o + 5. What is u(r)?
5
Let s be 14*(-1)/(-4)*-2. Let m(f) = 335*f + 2. Let l(x) = -671*x - 11. Let g(d) = l(d) + 2*m(d). Determine g(s).
0
Let q(w) = -w**2 + 9*w - 7. Let x = 528 - 520. Suppose 2*c + 4*o = 34, 4*c + 13 = x*c - 3*o. Determine q(c).
7
Let p(a) = a**3 - a**2 + a + 1. Let q(n) = 7*n**3 - 11*n**2 + 9*n + 4. Let y(m) = -6*p(m) + q(m). Let k(h) = -h**2 + 6*h - 6. Let o be k(3). Give y(o).
-11
Let r = -4634 + 4638. Let t(h) = -8*h - 1. Give t(r).
-33
Suppose 18 = -5*q + 3. Let g be -3 - (-4 - q) - -6. Suppose -g*a = 5*u + 16, 0*u = -a + 5*u - 29. Let p(k) = k**2 + 7*k - 7. Calculate p(a).
11
Let x(u) be the first derivative of -154 + 3*u - 3*u**2 + 1/3*u**3. What is x(8)?
19
Let k(a) = -14*a + 40. Let s be (158 + -156)/((-2)/3). What is k(s)?
82
Let f(g) = g + 5. Let m(q) = -q**3 + q**2 - 2*q + 55. Let n be m(0). Let k be (-132)/n*-10*10/8. Suppose -5*c - 37 = 4*t, 0 = -3*c - 4*t - t - k. What is f(c)?
0
Let q(r) = -51 - 264 + 313 - 10*r**2 - r**3 - 13*r. Determine q(-9).
34
Suppose -k + 16 = 3*g, k = g + 2*g - 26. Suppose -g*x - x = -16. Let f(a) = 6*a**2 - 2*a + 3. Give f(x).
23
Let g(r) = 2*r**2 + 17*r - 22. Let o = -13181 + 13172. Give g(o).
-13
Suppose -16*c = -5*c - 187. Let s(v) = v**2 - 9 + 8*v - 26*v + c + 7*v. Determine s(10).
-2
Let j(w) be the third derivative of 0 - 5/6*w**3 + w + 108*w**2 + 1/24*w**4. Let u be (-2)/3 - (-58)/6. What is j(u)?
4
Suppose 252 = 5*h - 0*q + 4*q, -5*q - 10 = 0. Suppose m + 0*m + 2*s = 4, 0 = -4*m + s + h. Let o(f) = -2*f + 25. Determine o(m).
1
Let s(q) be the second derivative of q**5/20 - q**4/4 + 2*q**3/3 - 2*q**2 + q. Suppose -1211 + 1184 = 9*j. Let b be j + (0 - 0) - (28 - 34). Calculate s(b).
8
Let b(n) = n**2 + 4*n - 9. Let z(i) = i + 7. Let m be z(-5). What is b(m)?
3
Let v(h) be the second derivative of -h**3/6 - h**2 + 3*h. Suppose -3*w + 53 = 20. Suppose -b = -14 + w. Determine v(b).
-5
Let s(n) = 5*n**2 + 4*n + 2. Let t(x) = -5*x**3 + x**2 - 3*x - 27. Let z be t(4). Let d = z + 341. What is s(d)?
14
Let j(n) = n**2 - 7*n + 4. Suppose -4*p + 2*d = -0*d - 442, 0 = -p - 2*d + 113. Let r = p + -67. Let c = 51 - r. Calculate j(c).
4
Let b(p) = 217*p + 670. Let w be b(-3). Let z(h) = h**3 - 19*h**2 - 1. Determine z(w).
-1
Suppose 2213*b - 2214*b = q + 8, 5*q - 88 = 3*b. Let l(v) = -3*v - 73. Determine l(b).
-25
Let j = 4148 - 4159. Let z(x) be the first derivative of x**2/2 + 6*x + 1. What is z(j)?
-5
Let x be (-17)/34*(1 + (2 - 3)). Suppose 26*b + 91 + 91 = x. Let w(u) = u**3 + 7*u**2 - u - 3. What is w(b)?
4
Let h(i) = 8*i - 1. Let z = 74 - 71. Suppose 2*j = 3*o + 10, -3*j = j - z*o - 8. Determine h(j).
-9
Suppose 72 = 2*y - 4*n, -2*y + 8*n + 86 = 11*n. Let j(p) = 52*p + y*p - 93*p. Give j(4).
-4
Let t = 9 - -17. Let z(n) = n + 37. Let c be z(-15). Let a = t - c. Let m(o) = -o**3 + 4*o**2 + 2*o. Calculate m(a).
8
Let o(l) = l**2 - 4*l + 12. Let r(h) = 2*h**2 + h - 2. Let m(n) = -5*n**2 - 7*n + 20. Let t(y) = m(y) + 3*r(y). Let q(z) = 6*o(z) - 5*t(z). What is q(4)?
2
Let w(h) = 25*h**3 + 2*h + 1. Suppose 49 - 69 = 20*c. What is w(c)?
-26
Let g(b) = -4*b**2 + 62 - 40 - b**2 + 0*b**2 + b**3 - 17*b. Let r be g(7). Let v(c) = -9*c. What is v(r)?
-9
Let f be 280/(2 - 6)*3/(-6). Suppose -20*l = f + 25. Let u(i) = -i - 2. Determine u(l).
1
Suppose 0 = -3*j + i + 8, 3*i - 5 = 3*j - 17. Let g(u) = -2*u + 80 - u**j - u**2 - 81 - 2*u**3 + 0*u**2. Suppose -d - 1 = -0. Calculate g(d).
1
Let a(l) = l - 6. Let h(r) = 6. Suppose 20 = -14*m + 19*m. Let g be (4 - m)/1 - -3. Let t(i) = g*a(i) + 4*h(i). What is t(-4)?
-6
Let o(q) = -115*q + 113*q - 5 - 2. Let i be 4/(-6)*(-126)/(-7). Let p(r) = r**3 + 12*r**2 + r + 4. Let x be p(i). Determine o(x).
9
Let v(g) be the second derivative of 3/2*g**3 - 2/3*g**4 - 13/2*g**2 + 0 + 18*g + 1/20*g**5. Let u be v(7). Let x(r) = 4*r**2 - r + 1. Give x(u).
4
Let v(u) = -u**2 - 7*u - 15. Let r(b) = -279*b - 1961. Let g be r(-7). Give v(g).
-23
Let c be (-1 - 0) + (75 - 3). Let x = c + -63. Let h(a) = 2612*a + x + 1 - 1 - 2611*a. What is h(-9)?
-1
Suppose -101*c + 189*c = 440. Let m(l) = l**3 - 5*l**2 - 5*l + 6. Determine m(c).
-19
Let v = -2388 + 2389. Let i(t) = 19*t**2 + 2*t - 3. What is i(v)?
18
Let t(x) = 8*x**2 + 137*x + 25. Let c = 12771 + -12788. Determine t(c).
8
Suppose -74 + 213 = o. Suppose 0 = -o*a + 131*a - 56. Let h(w) = -w**2 - 9*w + 1. Give h(a).
15
Let a(i) = 87*i - 5*i**2 + 93*i + 7 + 86*i - 264*i. What is